when (852/11)/3 + 2/11 is divided by o.
2
Let o = -52 + 43. Let l be (48/18)/(-2*3/o). Suppose -l = -2*g + 4. Calculate the remainder when 12 is divided by g.
0
Let d = -44 + 147. What is the remainder when d is divided by 4 + 15/(-3)*-3?
8
Let d = -11936 + 12092. What is the remainder when d is divided by 52?
0
What is the remainder when 225 is divided by 187/(-22)*-2*6?
21
Let m = 10 + -1. Suppose 8 = -3*u + 2*v, -4*u + v - 4*v = 5. What is the remainder when (15 + -16)*(u + -21) is divided by m?
5
Let z = 254 + -108. What is the remainder when (4 - 0)/(4/z) is divided by 21?
20
Let r(o) = o**2 + 8*o - 12. Let b = 1121 - 366. Calculate the remainder when b is divided by r(-11).
20
Let j = 78 - 45. Calculate the remainder when (30 + -51)/((-33)/825) is divided by j.
30
Let d = -16520 + 24522. Calculate the remainder when d is divided by 138.
136
Let l(x) = -x**2 - 8*x + 7. Suppose -2*s + 5*s + 3*r + 27 = 0, 0 = -3*s + 2*r - 22. Suppose 428 = 14*b + 246. Calculate the remainder when b is divided by l(s).
6
Let z = -2 + 8. Let m be ((-184)/16 + 11)*0. Suppose -z*c - 5*v + 340 = -2*c, m = -3*c - 2*v + 248. Calculate the remainder when c is divided by 17.
12
Let h = -1118 + 2319. What is the remainder when h is divided by 82?
53
Let g(h) = -4*h - 14. Let u be ((-6)/4)/((-6)/(-16)). Let d be g(u). What is the remainder when (d + (-110)/(-4))/(15/30) is divided by 15?
14
Suppose 14*r + 1700 + 1856 = 0. Let h = r + 355. What is the remainder when h is divided by 6?
5
Let o = -323 + 832. Suppose 11*m - o = 239. What is the remainder when m is divided by 37?
31
Calculate the remainder when 2482 is divided by (0 - -106) + (5 - (-15 + 13)).
109
Let i = 13438 - 13433. What is the remainder when 202 is divided by i?
2
Let v = 46 - 41. Suppose -v*u + 3*q - 5 = -0*u, -3*q = u - 17. Suppose 0 = 11*m - u*m - 153. What is the remainder when 133 is divided by m?
14
Let n = -18877 - -19791. What is the remainder when n is divided by 216?
50
Let m(o) = 20*o**2. What is the remainder when 16821/(-356)*(-64)/56 is divided by m(-1)?
14
Let s(c) = 3*c. Let l be s(-6). Let h be (-4)/(-3)*l/(-12). Suppose 2*v - 44 = -h*v. What is the remainder when 76 is divided by v?
10
Let k(x) = -35*x**2 + 154*x - 22. Let p = -74 - -149. Calculate the remainder when p is divided by k(4).
7
Suppose -2*h + 172 = 56. Suppose 1459*f = 1299*f + 23680. Calculate the remainder when f is divided by h.
32
Suppose 0 = 3*m + 3*a - 42, 2*m - 5*a = -0*m. Suppose 0 = -2*t + 2*w - m, -5*t - 3*w - 48 = 17. Calculate the remainder when (3 + (-62)/4)*t is divided by 18.
17
Suppose 0 = -11*q - 30 + 85. Let s(v) = -7*v + 211. Calculate the remainder when s(q) is divided by 14.
8
Let w be 3 + ((-2)/(-3))/((-18)/27). Suppose 3*d + 2*d - 90 = w*p, -p = 0. Suppose 2*x + 0*x = d. Calculate the remainder when 52 is divided by x.
7
Let c(d) be the first derivative of -5*d**2 + 38*d + 10. Let y be c(14). Let m = y + 152. Calculate the remainder when m is divided by 26.
24
Let y(j) = 25*j + 1343. Let s = 182 - 114. What is the remainder when s is divided by y(-53)?
14
Let v be (64/48)/((-4)/54). Let k be -3 + (-70)/6*v/6. Suppose 19 = l - k. Calculate the remainder when l is divided by 20.
11
Let t(p) = 133*p - 15909. Calculate the remainder when (-1506)/(-15) - (-4)/(-10) is divided by t(120).
49
Suppose 5*o + 0*n = -3*n + 57, -2*o + 29 = -5*n. Let h be -1*4/o*(-111)/1. Suppose -h + 20 = -w. What is the remainder when 65 is divided by w?
14
Let f = 35 - -68. Suppose -107 = -b - f. Suppose b*p - 72 = -4*d, 2*p + 30 = 3*d - 3*p. Calculate the remainder when 29 is divided by d.
14
Suppose 66*v + 355 = 71*v. What is the remainder when 250 is divided by v?
37
Let y = -5583 + 6009. What is the remainder when y is divided by 21?
6
Let u be ((-902)/22)/((-3)/(-3)). Let c = u + 54. Calculate the remainder when c is divided by 5.
3
Suppose 3*p = -1 - 2. Let t(y) = 2*y**2 - 2*y - 2. What is the remainder when (-30)/(-135) - p/((-27)/(-507)) is divided by t(3)?
9
Let x(k) = 461*k**2 + 196*k - 196. Calculate the remainder when 934 is divided by x(1).
12
Let i = -156 + 157. Let u(h) = 356*h**3 - h**2 + h + 2. What is the remainder when u(i) is divided by 52?
46
Let o(b) = -14*b**2 + 70*b. Let i be o(5). Suppose -3*q + 16 = q, -3*k - 3*q + 54 = i. What is the remainder when k is divided by 9?
5
Suppose -43*x + 12350 = -5*x. Let n = 344 - x. Calculate the remainder when 397 is divided by n.
17
Let v be (-143)/33 - (-3)/9. Let r(i) = -40*i - 24. What is the remainder when r(v) is divided by 294/15 - 4/(-10)?
16
Let s = 958 + -941. Let h be 9 + (-3)/((-3)/(-4)). Suppose h*v - v = 28. What is the remainder when s is divided by v?
3
Suppose 187*j = 184*j + 72. What is the remainder when 499 is divided by j?
19
Suppose -10*g - 107 = -67. Let l = 3 - g. Calculate the remainder when 28 is divided by l.
0
Calculate the remainder when 92 is divided by ((-66)/(-4))/(12/24).
26
Let q(i) = i**2 + 8*i - 3. Let p(t) = -t + 8. Let c be 5/(-2)*(-48)/30. What is the remainder when q(-10) is divided by p(c)?
1
Suppose 5*j + t - 69 = 0, -38 = -3*j - t + 5. What is the remainder when 1790 is divided by j?
9
Let t(f) = 2*f**3 + 53*f**2 + 22*f + 154. What is the remainder when t(-26) is divided by 229?
29
Suppose 28*g - 152 = -10*g. Let h(b) = 21*b - 51. What is the remainder when h(g) is divided by 9?
6
Suppose 0 = 6*m - 29 - 25. Suppose 0 = m*l - 25*l + 256. What is the remainder when 70 is divided by l?
6
Suppose -704 = -6*w + 304. Let f = 277 - w. What is the remainder when f is divided by 16?
13
Let p(u) = u**3 - 2*u**2 - 2*u + 8. Let h be -1 + 3 - (6 + -4). Let w be p(h). Suppose 2*l = -w*l + 370. What is the remainder when l is divided by 13?
11
Let j = -15 - -15. Suppose 2*h = -5*x + 109, j*h + 3*h + 4*x - 167 = 0. Calculate the remainder when h is divided by 16.
9
Let z = 488 + -469. Suppose 2*q + u = 6*q - z, -u = 5*q - 17. What is the remainder when 237 is divided by q?
1
Let l(t) = -t**2 - 9*t - 6. Suppose -3 - 19 = q. Let z = 35 + q. What is the remainder when z is divided by l(-7)?
5
Let f(i) = -130*i + 7029. Calculate the remainder when 715 is divided by f(54).
4
Let x(b) = 103*b + 1032. What is the remainder when 38 is divided by x(-10)?
0
Let i = -24 - -30. Let q be i/2 + 175/7. Calculate the remainder when 125 is divided by 45*(-1 - q/(-20)).
17
Let c(l) = 4*l**2 - 25*l - 16. Let x be c(7). Suppose 4*m = o - 4*o + 37, o + x*m = -6. What is the remainder when 33 is divided by o?
14
Let y = -2 + 7. Let a(t) = 44*t + 4630. Calculate the remainder when a(-102) is divided by y.
2
Suppose -27996 = -12*f - 27900. Calculate the remainder when 143 is divided by f.
7
Let s = 83 - 80. Suppose -f - s*z = -7*z + 4, 3*f = -4*z + 4. Suppose f = -p - 3*p, 4*g + p = 856. What is the remainder when g is divided by 43?
42
Let h(z) = -5*z**3 + 17*z**2 + 171*z - 6. What is the remainder when 358 is divided by h(-5)?
169
Suppose 16 = 3*r - 41. Suppose -5*m - 260 = -5*k, -3*k + 27*m + 153 = 23*m. Calculate the remainder when k is divided by r.
17
Let f(n) = 5*n**2 - 7*n + 5. Suppose -h - 11 = 11*v - 8*v, 4*h - 6 = -2*v. What is the remainder when f(h) is divided by 52?
5
Let b(c) = c**3 + c**2 + 1. Let q = 119 - 115. Suppose q*i = 5*z - 19 + 4, -z + 3 = -3*i. What is the remainder when z is divided by b(-1)?
0
Suppose -11*r - 3*r = 10*r - 216. What is the remainder when 21211 is divided by r?
7
Let b(u) = u**3 - 8*u**2 - 27*u + 231. What is the remainder when 37 is divided by b(8)?
7
Suppose 0 = 431*k - 424*k - 28. Calculate the remainder when 1310 is divided by k.
2
Suppose 213 = 73*f - 70*f. What is the remainder when f is divided by 44?
27
Let k(h) = -54*h - 14. Suppose 20 = -z + 18. What is the remainder when k(z) is divided by 4?
2
Let v(p) = -437*p - 5652. Calculate the remainder when 157 is divided by v(-13).
12
Let l(t) = 55*t**2 - t. Suppose 1051*k + 561 = -43*k + 7125. What is the remainder when l(-1) is divided by k?
2
Let d = 11703 - 11525. What is the remainder when 1037 is divided by d?
147
Let y = 8 + -3. Let h be (186/2)/(49/245). Let p = -441 + h. What is the remainder when p is divided by y?
4
Suppose -3*l - 185 = -4*u, -2*l = 134*u - 136*u + 92. Calculate the remainder when 2150 is divided by u.
35
Let v(z) = 2*z**2 - 5*z - 7. L